{"id":1483,"date":"2025-07-19T12:23:19","date_gmt":"2025-07-19T10:23:19","guid":{"rendered":"https:\/\/petra-kost.kuich-projects.eu\/?page_id=1483"},"modified":"2025-08-15T11:59:03","modified_gmt":"2025-08-15T09:59:03","slug":"biographie","status":"publish","type":"page","link":"https:\/\/petra-kost-web.kuich-projects.eu\/it\/biographie\/","title":{"rendered":"Biografia + Vita"},"content":{"rendered":"<p>[et_pb_section fb_built=&#8220;1&#8243; _builder_version=&#8220;4.27.4&#8243; _module_preset=&#8220;default&#8220; animation_style=&#8220;slide&#8220; animation_direction=&#8220;bottom&#8220; animation_intensity_slide=&#8220;5%&#8220; global_colors_info=&#8220;{}&#8220;][et_pb_row column_structure=&#8220;2_5,3_5&#8243; _builder_version=&#8220;4.27.4&#8243; _module_preset=&#8220;default&#8220; global_colors_info=&#8220;{}&#8220;][et_pb_column type=&#8220;2_5&#8243; _builder_version=&#8220;4.27.4&#8243; _module_preset=&#8220;default&#8220; global_colors_info=&#8220;{}&#8220;][\/et_pb_column][et_pb_column type=&#8220;3_5&#8243; _builder_version=&#8220;4.27.4&#8243; _module_preset=&#8220;default&#8220; global_colors_info=&#8220;{}&#8220;][et_pb_post_title meta=&#8220;off&#8220; featured_image=&#8220;off&#8220; _builder_version=&#8220;4.27.4&#8243; _module_preset=&#8220;default&#8220; title_font=&#8220;|||on|||||&#8220; global_colors_info=&#8220;{}&#8220;][\/et_pb_post_title][\/et_pb_column][\/et_pb_row][et_pb_row column_structure=&#8220;2_5,3_5&#8243; _builder_version=&#8220;4.27.4&#8243; _module_preset=&#8220;default&#8220; global_colors_info=&#8220;{}&#8220;][et_pb_column type=&#8220;2_5&#8243; _builder_version=&#8220;4.27.4&#8243; _module_preset=&#8220;default&#8220; global_colors_info=&#8220;{}&#8220;][et_pb_image src=&#8220;https:\/\/petra-kost-web.kuich-projects.eu\/wp-content\/uploads\/2025\/07\/Petra_\u00a9-Katrin_Schoening_1T3A5665-Bearbeitet_WEB.jpg&#8220; title_text=&#8220;Petra_\u00a9-Katrin_Scho\u0308ning_1T3A5665-Bearbeitet_WEB&#8220; _builder_version=&#8220;4.27.4&#8243; _module_preset=&#8220;default&#8220; global_colors_info=&#8220;{}&#8220;][\/et_pb_image][\/et_pb_column][et_pb_column type=&#8220;3_5&#8243; _builder_version=&#8220;4.27.4&#8243; _module_preset=&#8220;default&#8220; global_colors_info=&#8220;{}&#8220;][et_pb_text _builder_version=&#8220;4.27.4&#8243; _module_preset=&#8220;default&#8220; custom_margin=&#8220;||50px|||&#8220; global_colors_info=&#8220;{}&#8220;]<\/p>\n<p><strong>Petra Kost. Senza compromessi nell\u2019arte.<\/strong><\/p>\n<p>Sin da giovane, Petra Kost ha mostrato una sensibilit\u00e0 artistica fuori dal comune. All\u2019et\u00e0 di dieci anni, cre\u00f2 un dipinto che si distingueva nettamente da quelli degli altri bambini: possedeva una presenza autonoma, un\u2019intensit\u00e0 misteriosa e una sorprendente maturit\u00e0 ben oltre l\u2019espressione infantile.<\/p>\n<p>Questa esperienza precoce ha segnato per Petra Kost la scoperta che l\u2019arte poteva essere molto pi\u00f9 di un mezzo espressivo \u2013 piuttosto, un dialogo esistenziale tra percezione interiore e mondo esterno.\nNon avendo ricevuto particolare sostegno familiare o istituzionale durante l\u2019infanzia, ha proseguito la propria formazione artistica in modo indipendente dopo la maturita. Ha iniziato presso un\u2019accademia d\u2019arte pubblica, proseguendo poi con lo studio della storia dell\u2019arte all\u2019universit\u00e0. Tuttavia, l\u2019approccio troppo teorico di queste istituzioni non corrispondeva al suo desiderio di acquisire solide basi tecniche. All\u2019inizio degli anni \u201980 ha quindi scelto consapevolmente una formazione intensiva presso scuole d\u2019arte private, dove ha appreso le tecniche pittoriche classiche, i principi compositivi e la teoria del colore.<\/p>\n<p>Negli anni ha sviluppato un linguaggio pittorico autonomo, a met\u00e0 tra astrazione e figurazione. Le sue opere si caratterizzano per stratificazioni complesse e sovrapposizioni sottili, in cui decisioni compositive ponderate si fondono con elementi intuitivi e sperimentali. Nascono cos\u00ec spazi visivi complessi e vibranti, apprezzati specialmente da galleristi attenti e riflessivi. L\u2019originalit\u00e0 espressiva delle sue opere attira sempre pi\u00f9 l\u2019interesse di un pubblico esigente. I dipinti di Petra Kost non offrono solo un\u2019esperienza estetica, ma stimolano una riflessione intensa che va oltre il visibile.<\/p>\n<p>Petra Kost vive e lavora attualmente ad Amburgo e Urbino (Italia).<\/p>\n<p>[\/et_pb_text][et_pb_divider color=&#8220;#000000&#8243; _builder_version=&#8220;4.27.4&#8243; _module_preset=&#8220;default&#8220; global_colors_info=&#8220;{}&#8220;][\/et_pb_divider][et_pb_text _builder_version=&#8220;4.27.4&#8243; _module_preset=&#8220;default&#8220; hover_enabled=&#8220;0&#8243; global_colors_info=&#8220;{}&#8220; sticky_enabled=&#8220;0&#8243;]<\/p>\n<p><strong>1959<\/strong><br \/>nata ad Amburgo, Germania<br \/>vive e lavora come artista ad Amburgo e Urbino, Italia<\/p>\n<p><strong>dal 2024<br \/><\/strong>membro del gruppo di artisti MORKK<\/p>\n<p><strong>dal 2023<br \/><\/strong>Mitglied der K\u00fcnstler:innengruppe Transfourmation<\/p>\n<p><strong>dal 2007<\/strong><br \/>membro della galleria-atelier Kunstwerk am Fischmarkt, Amburgo<\/p>\n<p><strong>2004 &#8211; 10<\/strong><br \/>attivit\u00e0 artistica a L\u2019Aia, Paesi Bassi<\/p>\n<p>studi di pittura presso scuole d\u2019arte private, tra cui Kunstschule Blankenese, Amburgo\npartecipazione a accademie estive della Hochschule HAW Hamburg e a seminari della Kunstakademie Bad Reichenhall\nstudi, tra gli altri, con Peter Paulwitz-Matth\u00e4i, Luke Gray, Till Gerhard, Ines Hildur e Jens Hasenberg<\/p>\n<p><strong>1982 &#8211; 83<\/strong><br \/>studi di storia dell\u2019arte presso l\u2019Universit\u00e0 di Amburgo<\/p>\n<p><strong>1980 &#8211; 81<\/strong><br \/>studi di pittura presso la Hochschule f\u00fcr bildende K\u00fcnste, Amburgo<\/p>\n<p>[\/et_pb_text][\/et_pb_column][\/et_pb_row][\/et_pb_section]<\/p>","protected":false},"excerpt":{"rendered":"<p>Petra Kost. K\u00fcnstlerisch kompromisslos. Bereits in jungen Jahren manifestierte sich bei Petra Kost ein au\u00dfergew\u00f6hnliches k\u00fcnstlerisches Gesp\u00fcr. Im Alter von zehn Jahren entstand ein Bild, das sich fundamental von den Arbeiten anderer Kinder abhob: Es besa\u00df eine autonome Pr\u00e4senz, eine geheimnisvolle Intensit\u00e4t und eine verbl\u00fcffende Reife, die weit \u00fcber kindliche Ausdrucksformen hinausging. Diese fr\u00fche Erfahrung [&hellip;]<\/p>","protected":false},"author":1,"featured_media":0,"parent":0,"menu_order":0,"comment_status":"closed","ping_status":"closed","template":"","meta":{"_et_pb_use_builder":"on","_et_pb_old_content":"","_et_gb_content_width":"","footnotes":""},"class_list":["post-1483","page","type-page","status-publish","hentry"],"_links":{"self":[{"href":"https:\/\/petra-kost-web.kuich-projects.eu\/it\/wp-json\/wp\/v2\/pages\/1483","targetHints":{"allow":["GET"]}}],"collection":[{"href":"https:\/\/petra-kost-web.kuich-projects.eu\/it\/wp-json\/wp\/v2\/pages"}],"about":[{"href":"https:\/\/petra-kost-web.kuich-projects.eu\/it\/wp-json\/wp\/v2\/types\/page"}],"author":[{"embeddable":true,"href":"https:\/\/petra-kost-web.kuich-projects.eu\/it\/wp-json\/wp\/v2\/users\/1"}],"replies":[{"embeddable":true,"href":"https:\/\/petra-kost-web.kuich-projects.eu\/it\/wp-json\/wp\/v2\/comments?post=1483"}],"version-history":[{"count":10,"href":"https:\/\/petra-kost-web.kuich-projects.eu\/it\/wp-json\/wp\/v2\/pages\/1483\/revisions"}],"predecessor-version":[{"id":1808,"href":"https:\/\/petra-kost-web.kuich-projects.eu\/it\/wp-json\/wp\/v2\/pages\/1483\/revisions\/1808"}],"wp:attachment":[{"href":"https:\/\/petra-kost-web.kuich-projects.eu\/it\/wp-json\/wp\/v2\/media?parent=1483"}],"curies":[{"name":"wp","href":"https:\/\/api.w.org\/{rel}","templated":true}]}}

<p>[et_pb_section fb_built=&#8220;1&#8243; _builder_version=&#8220;4.27.4&#8243; _module_preset=&#8220;default&#8220; animation_style=&#8220;slide&#8220; animation_direction=&#8220;bottom&#8220; animation_intensity_slide=&#8220;5%&#8220; global_colors_info=&#8220;{}&#8220;][et_pb_row column_structure=&#8220;2_5,3_5&#8243; _builder_version=&#8220;4.27.4&#8243; _module_preset=&#8220;default&#8220; global_colors_info=&#8220;{}&#8220;][et_pb_column type=&#8220;2_5&#8243; _builder_version=&#8220;4.27.4&#8243; _module_preset=&#8220;default&#8220; global_colors_info=&#8220;{}&#8220;][/et_pb_column][et_pb_column type=&#8220;3_5&#8243; _builder_version=&#8220;4.27.4&#8243; _module_preset=&#8220;default&#8220; global_colors_info=&#8220;{}&#8220;][et_pb_post_title meta=&#8220;off&#8220; featured_image=&#8220;off&#8220; _builder_version=&#8220;4.27.4&#8243; _module_preset=&#8220;default&#8220; title_font=&#8220;|||on|||||&#8220; global_colors_info=&#8220;{}&#8220;][/et_pb_post_title][/et_pb_column][/et_pb_row][et_pb_row column_structure=&#8220;2_5,3_5&#8243; _builder_version=&#8220;4.27.4&#8243; _module_preset=&#8220;default&#8220; global_colors_info=&#8220;{}&#8220;][et_pb_column type=&#8220;2_5&#8243; _builder_version=&#8220;4.27.4&#8243; _module_preset=&#8220;default&#8220; global_colors_info=&#8220;{}&#8220;][et_pb_image src=&#8220;https://petra-kost-web.kuich-projects.eu/wp-content/uploads/2025/07/Petra_©-Katrin_Schoening_1T3A5665-Bearbeitet_WEB.jpg&#8220; title_text=&#8220;Petra_©-Katrin_Schöning_1T3A5665-Bearbeitet_WEB&#8220; _builder_version=&#8220;4.27.4&#8243; _module_preset=&#8220;default&#8220; global_colors_info=&#8220;{}&#8220;][/et_pb_image][/et_pb_column][et_pb_column type=&#8220;3_5&#8243; _builder_version=&#8220;4.27.4&#8243; _module_preset=&#8220;default&#8220; global_colors_info=&#8220;{}&#8220;][et_pb_text _builder_version=&#8220;4.27.4&#8243; _module_preset=&#8220;default&#8220; custom_margin=&#8220;||50px|||&#8220; global_colors_info=&#8220;{}&#8220;]</p>
<p><strong>Petra Kost. Senza compromessi nell’arte.</strong></p>
<p>Sin da giovane, Petra Kost ha mostrato una sensibilità artistica fuori dal comune. All’età di dieci anni, creò un dipinto che si distingueva nettamente da quelli degli altri bambini: possedeva una presenza autonoma, un’intensità misteriosa e una sorprendente maturità ben oltre l’espressione infantile.</p>
<p>Questa esperienza precoce ha segnato per Petra Kost la scoperta che l’arte poteva essere molto più di un mezzo espressivo – piuttosto, un dialogo esistenziale tra percezione interiore e mondo esterno.
Non avendo ricevuto particolare sostegno familiare o istituzionale durante l’infanzia, ha proseguito la propria formazione artistica in modo indipendente dopo la maturita. Ha iniziato presso un’accademia d’arte pubblica, proseguendo poi con lo studio della storia dell’arte all’università. Tuttavia, l’approccio troppo teorico di queste istituzioni non corrispondeva al suo desiderio di acquisire solide basi tecniche. All’inizio degli anni ’80 ha quindi scelto consapevolmente una formazione intensiva presso scuole d’arte private, dove ha appreso le tecniche pittoriche classiche, i principi compositivi e la teoria del colore.</p>
<p>Negli anni ha sviluppato un linguaggio pittorico autonomo, a metà tra astrazione e figurazione. Le sue opere si caratterizzano per stratificazioni complesse e sovrapposizioni sottili, in cui decisioni compositive ponderate si fondono con elementi intuitivi e sperimentali. Nascono così spazi visivi complessi e vibranti, apprezzati specialmente da galleristi attenti e riflessivi. L’originalità espressiva delle sue opere attira sempre più l’interesse di un pubblico esigente. I dipinti di Petra Kost non offrono solo un’esperienza estetica, ma stimolano una riflessione intensa che va oltre il visibile.</p>
<p>Petra Kost vive e lavora attualmente ad Amburgo e Urbino (Italia).</p>
<p>[/et_pb_text][et_pb_divider color=&#8220;#000000&#8243; _builder_version=&#8220;4.27.4&#8243; _module_preset=&#8220;default&#8220; global_colors_info=&#8220;{}&#8220;][/et_pb_divider][et_pb_text _builder_version=&#8220;4.27.4&#8243; _module_preset=&#8220;default&#8220; hover_enabled=&#8220;0&#8243; global_colors_info=&#8220;{}&#8220; sticky_enabled=&#8220;0&#8243;]</p>
<p><strong>1959</strong><br />nata ad Amburgo, Germania<br />vive e lavora come artista ad Amburgo e Urbino, Italia</p>
<p><strong>dal 2024<br /></strong>membro del gruppo di artisti MORKK</p>
<p><strong>dal 2023<br /></strong>Mitglied der Künstler:innengruppe Transfourmation</p>
<p><strong>dal 2007</strong><br />membro della galleria-atelier Kunstwerk am Fischmarkt, Amburgo</p>
<p><strong>2004 &#8211; 10</strong><br />attività artistica a L’Aia, Paesi Bassi</p>
<p>studi di pittura presso scuole d’arte private, tra cui Kunstschule Blankenese, Amburgo
partecipazione a accademie estive della Hochschule HAW Hamburg e a seminari della Kunstakademie Bad Reichenhall
studi, tra gli altri, con Peter Paulwitz-Matthäi, Luke Gray, Till Gerhard, Ines Hildur e Jens Hasenberg</p>
<p><strong>1982 &#8211; 83</strong><br />studi di storia dell’arte presso l’Università di Amburgo</p>
<p><strong>1980 &#8211; 81</strong><br />studi di pittura presso la Hochschule für bildende Künste, Amburgo</p>
<p>[/et_pb_text][/et_pb_column][/et_pb_row][/et_pb_section]</p>

<p>Petra Kost. Künstlerisch kompromisslos. Bereits in jungen Jahren manifestierte sich bei Petra Kost ein außergewöhnliches künstlerisches Gespür. Im Alter von zehn Jahren entstand ein Bild, das sich fundamental von den Arbeiten anderer Kinder abhob: Es besaß eine autonome Präsenz, eine geheimnisvolle Intensität und eine verblüffende Reife, die weit über kindliche Ausdrucksformen hinausging. Diese frühe Erfahrung [&hellip;]</p>
