{"id":21,"date":"2021-12-05T13:45:51","date_gmt":"2021-12-05T13:45:51","guid":{"rendered":"https:\/\/petra-kost-malerei.local\/?page_id=21"},"modified":"2025-08-15T15:33:57","modified_gmt":"2025-08-15T13:33:57","slug":"impressum","status":"publish","type":"page","link":"https:\/\/petra-kost-web.kuich-projects.eu\/en\/impressum\/","title":{"rendered":"Imprint"},"content":{"rendered":"<p>[et_pb_section fb_built=&#8220;1&#8243; _builder_version=&#8220;4.27.4&#8243; _module_preset=&#8220;default&#8220; global_colors_info=&#8220;{}&#8220;][et_pb_row _builder_version=&#8220;4.27.4&#8243; _module_preset=&#8220;default&#8220; global_colors_info=&#8220;{}&#8220;][et_pb_column type=&#8220;4_4&#8243; _builder_version=&#8220;4.27.4&#8243; _module_preset=&#8220;default&#8220; global_colors_info=&#8220;{}&#8220;][et_pb_post_title meta=&#8220;off&#8220; featured_image=&#8220;off&#8220; _builder_version=&#8220;4.27.4&#8243; _module_preset=&#8220;default&#8220; global_colors_info=&#8220;{}&#8220;][\/et_pb_post_title][et_pb_text _builder_version=&#8220;4.27.4&#8243; _module_preset=&#8220;default&#8220; hover_enabled=&#8220;0&#8243; global_colors_info=&#8220;{}&#8220; sticky_enabled=&#8220;0&#8243;]<\/p>\n<p>Petra Kost<br \/>Eppendorfer Weg 195<br \/>D-20253 Hamburg<\/p>\n<p>mobile +49 173 638 84 51<br \/>mail@petra-kost.com<\/p>\n<p>Responsible for content: Petra Kost.<br \/>The operators of the linked external websites are solely responsible for their content.<\/p>\n<p>Web design: Andrzej Kuich<br \/>Photo: Katrin Sch\u00f6ning | Bernd Nixdorff<\/p>\n<p>Copyright<br \/>The rights for images and texts are held by Petra Kost. Downloading images and using texts for non-private purposes is only permitted after consultation and with permission.<\/p>\n<p>[\/et_pb_text][\/et_pb_column][\/et_pb_row][\/et_pb_section]<\/p>","protected":false},"excerpt":{"rendered":"<p>Petra KostEppendorfer Weg 19520253 Hamburg mobil +49 173 638 84 51mail@petra-kost.com Verantwortlich f\u00fcr den Inhalt Petra Kost.F\u00fcr die Inhalte extern verlinkter Seiten sind ausschlie\u00dflich deren Betreiber verantwortlich. Webdesign: Andrzej KuichPhoto: Katrin Sch\u00f6ning | Bernd Nixdorff CopyrightDie Rechte f\u00fcr Bilder und Texte liegen bei Petra Kost. Download der Bilder und Verwendung der Texte f\u00fcr den nicht [&hellip;]<\/p>","protected":false},"author":1,"featured_media":0,"parent":0,"menu_order":0,"comment_status":"closed","ping_status":"closed","template":"","meta":{"_et_pb_use_builder":"on","_et_pb_old_content":"","_et_gb_content_width":"","footnotes":""},"class_list":["post-21","page","type-page","status-publish","hentry"],"_links":{"self":[{"href":"https:\/\/petra-kost-web.kuich-projects.eu\/en\/wp-json\/wp\/v2\/pages\/21","targetHints":{"allow":["GET"]}}],"collection":[{"href":"https:\/\/petra-kost-web.kuich-projects.eu\/en\/wp-json\/wp\/v2\/pages"}],"about":[{"href":"https:\/\/petra-kost-web.kuich-projects.eu\/en\/wp-json\/wp\/v2\/types\/page"}],"author":[{"embeddable":true,"href":"https:\/\/petra-kost-web.kuich-projects.eu\/en\/wp-json\/wp\/v2\/users\/1"}],"replies":[{"embeddable":true,"href":"https:\/\/petra-kost-web.kuich-projects.eu\/en\/wp-json\/wp\/v2\/comments?post=21"}],"version-history":[{"count":10,"href":"https:\/\/petra-kost-web.kuich-projects.eu\/en\/wp-json\/wp\/v2\/pages\/21\/revisions"}],"predecessor-version":[{"id":1809,"href":"https:\/\/petra-kost-web.kuich-projects.eu\/en\/wp-json\/wp\/v2\/pages\/21\/revisions\/1809"}],"wp:attachment":[{"href":"https:\/\/petra-kost-web.kuich-projects.eu\/en\/wp-json\/wp\/v2\/media?parent=21"}],"curies":[{"name":"wp","href":"https:\/\/api.w.org\/{rel}","templated":true}]}}

<p>[et_pb_section fb_built=&#8220;1&#8243; _builder_version=&#8220;4.27.4&#8243; _module_preset=&#8220;default&#8220; global_colors_info=&#8220;{}&#8220;][et_pb_row _builder_version=&#8220;4.27.4&#8243; _module_preset=&#8220;default&#8220; global_colors_info=&#8220;{}&#8220;][et_pb_column type=&#8220;4_4&#8243; _builder_version=&#8220;4.27.4&#8243; _module_preset=&#8220;default&#8220; global_colors_info=&#8220;{}&#8220;][et_pb_post_title meta=&#8220;off&#8220; featured_image=&#8220;off&#8220; _builder_version=&#8220;4.27.4&#8243; _module_preset=&#8220;default&#8220; global_colors_info=&#8220;{}&#8220;][/et_pb_post_title][et_pb_text _builder_version=&#8220;4.27.4&#8243; _module_preset=&#8220;default&#8220; hover_enabled=&#8220;0&#8243; global_colors_info=&#8220;{}&#8220; sticky_enabled=&#8220;0&#8243;]</p>
<p>Petra Kost<br />Eppendorfer Weg 195<br />D-20253 Hamburg</p>
<p>mobile +49 173 638 84 51<br />mail@petra-kost.com</p>
<p>Responsible for content: Petra Kost.<br />The operators of the linked external websites are solely responsible for their content.</p>
<p>Web design: Andrzej Kuich<br />Photo: Katrin Schöning | Bernd Nixdorff</p>
<p>Copyright<br />The rights for images and texts are held by Petra Kost. Downloading images and using texts for non-private purposes is only permitted after consultation and with permission.</p>
<p>[/et_pb_text][/et_pb_column][/et_pb_row][/et_pb_section]</p>

<p>Petra KostEppendorfer Weg 19520253 Hamburg mobil +49 173 638 84 51mail@petra-kost.com Verantwortlich für den Inhalt Petra Kost.Für die Inhalte extern verlinkter Seiten sind ausschließlich deren Betreiber verantwortlich. Webdesign: Andrzej KuichPhoto: Katrin Schöning | Bernd Nixdorff CopyrightDie Rechte für Bilder und Texte liegen bei Petra Kost. Download der Bilder und Verwendung der Texte für den nicht [&hellip;]</p>
