{"id":1483,"date":"2025-07-19T12:23:19","date_gmt":"2025-07-19T10:23:19","guid":{"rendered":"https:\/\/petra-kost.kuich-projects.eu\/?page_id=1483"},"modified":"2025-08-15T11:59:03","modified_gmt":"2025-08-15T09:59:03","slug":"biographie","status":"publish","type":"page","link":"https:\/\/petra-kost-web.kuich-projects.eu\/en\/biographie\/","title":{"rendered":"Biography + CV"},"content":{"rendered":"<p>[et_pb_section fb_built=&#8220;1&#8243; _builder_version=&#8220;4.27.4&#8243; _module_preset=&#8220;default&#8220; animation_style=&#8220;slide&#8220; animation_direction=&#8220;bottom&#8220; animation_intensity_slide=&#8220;5%&#8220; global_colors_info=&#8220;{}&#8220;][et_pb_row column_structure=&#8220;2_5,3_5&#8243; _builder_version=&#8220;4.27.4&#8243; _module_preset=&#8220;default&#8220; global_colors_info=&#8220;{}&#8220;][et_pb_column type=&#8220;2_5&#8243; _builder_version=&#8220;4.27.4&#8243; _module_preset=&#8220;default&#8220; global_colors_info=&#8220;{}&#8220;][\/et_pb_column][et_pb_column type=&#8220;3_5&#8243; _builder_version=&#8220;4.27.4&#8243; _module_preset=&#8220;default&#8220; global_colors_info=&#8220;{}&#8220;][et_pb_post_title meta=&#8220;off&#8220; featured_image=&#8220;off&#8220; _builder_version=&#8220;4.27.4&#8243; _module_preset=&#8220;default&#8220; title_font=&#8220;|||on|||||&#8220; global_colors_info=&#8220;{}&#8220;][\/et_pb_post_title][\/et_pb_column][\/et_pb_row][et_pb_row column_structure=&#8220;2_5,3_5&#8243; _builder_version=&#8220;4.27.4&#8243; _module_preset=&#8220;default&#8220; global_colors_info=&#8220;{}&#8220;][et_pb_column type=&#8220;2_5&#8243; _builder_version=&#8220;4.27.4&#8243; _module_preset=&#8220;default&#8220; global_colors_info=&#8220;{}&#8220;][et_pb_image src=&#8220;https:\/\/petra-kost-web.kuich-projects.eu\/wp-content\/uploads\/2025\/07\/Petra_\u00a9-Katrin_Schoening_1T3A5665-Bearbeitet_WEB.jpg&#8220; title_text=&#8220;Petra_\u00a9-Katrin_Scho\u0308ning_1T3A5665-Bearbeitet_WEB&#8220; _builder_version=&#8220;4.27.4&#8243; _module_preset=&#8220;default&#8220; global_colors_info=&#8220;{}&#8220;][\/et_pb_image][\/et_pb_column][et_pb_column type=&#8220;3_5&#8243; _builder_version=&#8220;4.27.4&#8243; _module_preset=&#8220;default&#8220; global_colors_info=&#8220;{}&#8220;][et_pb_text _builder_version=&#8220;4.27.4&#8243; _module_preset=&#8220;default&#8220; custom_margin=&#8220;||50px|||&#8220; global_colors_info=&#8220;{}&#8220;]<\/p>\n<p><strong>Petra Kost. Artistically uncompromising.<\/strong><\/p>\n<p>From an early age, Petra Kost already manifested an extraordinary artistic feel. At the age of ten, she created a painting that stood out fundamentally from the work of other children: it had an autonomous presence, a mysterious intensity and an astonishing maturity that went far beyond childlike forms of expression.<\/p>\n<p>For Petra Kost, this early experience marked the discovery that art could be far more than a medium of creative expression - rather an existential dialog between inner perception and the outer world. After her artistic talent received little family or institutional support as a child, Petra Kost continued her artistic education independently after graduating from high school. She first studied at a state art college, then art history at university. However, the strongly theoretical orientation of the academic institutions at the time did not correspond to her goal of acquiring a solid, technical foundation. At the beginning of the 1980s, she therefore made a conscious decision to pursue intensive and comprehensive training at private art schools. There she acquired in-depth knowledge of classical painting techniques, compositional principles, and color theory. In the years that followed, Petra Kost consistently developed an independent painterly language that mediates between the poles of abstraction and figuration.<\/p>\n<p>Her works are characterized by complex layering and subtle superimpositions, in which calculated compositional decisions merge with intuitive, experimental elements. This results in multi-layered pictorial spaces whose visual tension and emotional density are particularly appreciated by critically reflective art gallery owners. Today, the expressive originality of her paintings is increasingly attracting the attention of discerning art lovers. Petra Kost's works not only offer an aesthetic dialog with the beholder, but also provoke intensive contemplation and reflection beyond the limits of the visible.<\/p>\n<p>Petra Kost currently lives and works in Hamburg and Urbino (Italy).<\/p>\n<p>[\/et_pb_text][et_pb_divider color=&#8220;#000000&#8243; _builder_version=&#8220;4.27.4&#8243; _module_preset=&#8220;default&#8220; global_colors_info=&#8220;{}&#8220;][\/et_pb_divider][et_pb_text _builder_version=&#8220;4.27.4&#8243; _module_preset=&#8220;default&#8220; hover_enabled=&#8220;0&#8243; global_colors_info=&#8220;{}&#8220; sticky_enabled=&#8220;0&#8243;]<\/p>\n<p><strong>1959<\/strong><br \/>born in Hamburg, Germany<br \/>lives and works in Hamburg and Urbino, Italy<\/p>\n<p><strong>since 2024<br \/><\/strong>Member of the artist group MORKK<\/p>\n<p><strong>since 2023<br \/><\/strong>Member of the artist group transfourmation<\/p>\n<p><strong>since 2017<\/strong><br \/>Member of the Gallery-Studio Kunstwerk am Fischmarkt, Hamburg<\/p>\n<p><strong>2004 &#8211; 10<\/strong><br \/>working as artist in The Hague, Netherlands<\/p>\n<p>studied Fine Arts at privat Art Schools, inter alia , Art School Blankenese, Hamburg\u2028International Summer Academy of Fine Arts, Pentiment, HAW Hamburg, Academy of Fine Arts Bad Reichenhall\u2028Studies e.g. with Peter Paulwitz-Matth\u00e4i, Luke Gray, Till Gerhard, Ines Hildur and Jens Hasenberg<\/p>\n<p><strong>1982 &#8211; 83<\/strong><br \/>studied History of Fine Arts, University of Hamburg<\/p>\n<p><strong>1980 &#8211; 81<\/strong><br \/>studied Fine Arts, School of Fine Arts, Hamburg<\/p>\n<p>[\/et_pb_text][\/et_pb_column][\/et_pb_row][\/et_pb_section]<\/p>","protected":false},"excerpt":{"rendered":"<p>Petra Kost. K\u00fcnstlerisch kompromisslos. Bereits in jungen Jahren manifestierte sich bei Petra Kost ein au\u00dfergew\u00f6hnliches k\u00fcnstlerisches Gesp\u00fcr. Im Alter von zehn Jahren entstand ein Bild, das sich fundamental von den Arbeiten anderer Kinder abhob: Es besa\u00df eine autonome Pr\u00e4senz, eine geheimnisvolle Intensit\u00e4t und eine verbl\u00fcffende Reife, die weit \u00fcber kindliche Ausdrucksformen hinausging. Diese fr\u00fche Erfahrung [&hellip;]<\/p>","protected":false},"author":1,"featured_media":0,"parent":0,"menu_order":0,"comment_status":"closed","ping_status":"closed","template":"","meta":{"_et_pb_use_builder":"on","_et_pb_old_content":"","_et_gb_content_width":"","footnotes":""},"class_list":["post-1483","page","type-page","status-publish","hentry"],"_links":{"self":[{"href":"https:\/\/petra-kost-web.kuich-projects.eu\/en\/wp-json\/wp\/v2\/pages\/1483","targetHints":{"allow":["GET"]}}],"collection":[{"href":"https:\/\/petra-kost-web.kuich-projects.eu\/en\/wp-json\/wp\/v2\/pages"}],"about":[{"href":"https:\/\/petra-kost-web.kuich-projects.eu\/en\/wp-json\/wp\/v2\/types\/page"}],"author":[{"embeddable":true,"href":"https:\/\/petra-kost-web.kuich-projects.eu\/en\/wp-json\/wp\/v2\/users\/1"}],"replies":[{"embeddable":true,"href":"https:\/\/petra-kost-web.kuich-projects.eu\/en\/wp-json\/wp\/v2\/comments?post=1483"}],"version-history":[{"count":10,"href":"https:\/\/petra-kost-web.kuich-projects.eu\/en\/wp-json\/wp\/v2\/pages\/1483\/revisions"}],"predecessor-version":[{"id":1808,"href":"https:\/\/petra-kost-web.kuich-projects.eu\/en\/wp-json\/wp\/v2\/pages\/1483\/revisions\/1808"}],"wp:attachment":[{"href":"https:\/\/petra-kost-web.kuich-projects.eu\/en\/wp-json\/wp\/v2\/media?parent=1483"}],"curies":[{"name":"wp","href":"https:\/\/api.w.org\/{rel}","templated":true}]}}

<p>[et_pb_section fb_built=&#8220;1&#8243; _builder_version=&#8220;4.27.4&#8243; _module_preset=&#8220;default&#8220; animation_style=&#8220;slide&#8220; animation_direction=&#8220;bottom&#8220; animation_intensity_slide=&#8220;5%&#8220; global_colors_info=&#8220;{}&#8220;][et_pb_row column_structure=&#8220;2_5,3_5&#8243; _builder_version=&#8220;4.27.4&#8243; _module_preset=&#8220;default&#8220; global_colors_info=&#8220;{}&#8220;][et_pb_column type=&#8220;2_5&#8243; _builder_version=&#8220;4.27.4&#8243; _module_preset=&#8220;default&#8220; global_colors_info=&#8220;{}&#8220;][/et_pb_column][et_pb_column type=&#8220;3_5&#8243; _builder_version=&#8220;4.27.4&#8243; _module_preset=&#8220;default&#8220; global_colors_info=&#8220;{}&#8220;][et_pb_post_title meta=&#8220;off&#8220; featured_image=&#8220;off&#8220; _builder_version=&#8220;4.27.4&#8243; _module_preset=&#8220;default&#8220; title_font=&#8220;|||on|||||&#8220; global_colors_info=&#8220;{}&#8220;][/et_pb_post_title][/et_pb_column][/et_pb_row][et_pb_row column_structure=&#8220;2_5,3_5&#8243; _builder_version=&#8220;4.27.4&#8243; _module_preset=&#8220;default&#8220; global_colors_info=&#8220;{}&#8220;][et_pb_column type=&#8220;2_5&#8243; _builder_version=&#8220;4.27.4&#8243; _module_preset=&#8220;default&#8220; global_colors_info=&#8220;{}&#8220;][et_pb_image src=&#8220;https://petra-kost-web.kuich-projects.eu/wp-content/uploads/2025/07/Petra_©-Katrin_Schoening_1T3A5665-Bearbeitet_WEB.jpg&#8220; title_text=&#8220;Petra_©-Katrin_Schöning_1T3A5665-Bearbeitet_WEB&#8220; _builder_version=&#8220;4.27.4&#8243; _module_preset=&#8220;default&#8220; global_colors_info=&#8220;{}&#8220;][/et_pb_image][/et_pb_column][et_pb_column type=&#8220;3_5&#8243; _builder_version=&#8220;4.27.4&#8243; _module_preset=&#8220;default&#8220; global_colors_info=&#8220;{}&#8220;][et_pb_text _builder_version=&#8220;4.27.4&#8243; _module_preset=&#8220;default&#8220; custom_margin=&#8220;||50px|||&#8220; global_colors_info=&#8220;{}&#8220;]</p>
<p><strong>Petra Kost. Artistically uncompromising.</strong></p>
<p>From an early age, Petra Kost already manifested an extraordinary artistic feel. At the age of ten, she created a painting that stood out fundamentally from the work of other children: it had an autonomous presence, a mysterious intensity and an astonishing maturity that went far beyond childlike forms of expression.</p>
<p>For Petra Kost, this early experience marked the discovery that art could be far more than a medium of creative expression - rather an existential dialog between inner perception and the outer world. After her artistic talent received little family or institutional support as a child, Petra Kost continued her artistic education independently after graduating from high school. She first studied at a state art college, then art history at university. However, the strongly theoretical orientation of the academic institutions at the time did not correspond to her goal of acquiring a solid, technical foundation. At the beginning of the 1980s, she therefore made a conscious decision to pursue intensive and comprehensive training at private art schools. There she acquired in-depth knowledge of classical painting techniques, compositional principles, and color theory. In the years that followed, Petra Kost consistently developed an independent painterly language that mediates between the poles of abstraction and figuration.</p>
<p>Her works are characterized by complex layering and subtle superimpositions, in which calculated compositional decisions merge with intuitive, experimental elements. This results in multi-layered pictorial spaces whose visual tension and emotional density are particularly appreciated by critically reflective art gallery owners. Today, the expressive originality of her paintings is increasingly attracting the attention of discerning art lovers. Petra Kost's works not only offer an aesthetic dialog with the beholder, but also provoke intensive contemplation and reflection beyond the limits of the visible.</p>
<p>Petra Kost currently lives and works in Hamburg and Urbino (Italy).</p>
<p>[/et_pb_text][et_pb_divider color=&#8220;#000000&#8243; _builder_version=&#8220;4.27.4&#8243; _module_preset=&#8220;default&#8220; global_colors_info=&#8220;{}&#8220;][/et_pb_divider][et_pb_text _builder_version=&#8220;4.27.4&#8243; _module_preset=&#8220;default&#8220; hover_enabled=&#8220;0&#8243; global_colors_info=&#8220;{}&#8220; sticky_enabled=&#8220;0&#8243;]</p>
<p><strong>1959</strong><br />born in Hamburg, Germany<br />lives and works in Hamburg and Urbino, Italy</p>
<p><strong>since 2024<br /></strong>Member of the artist group MORKK</p>
<p><strong>since 2023<br /></strong>Member of the artist group transfourmation</p>
<p><strong>since 2017</strong><br />Member of the Gallery-Studio Kunstwerk am Fischmarkt, Hamburg</p>
<p><strong>2004 &#8211; 10</strong><br />working as artist in The Hague, Netherlands</p>
<p>studied Fine Arts at privat Art Schools, inter alia , Art School Blankenese, Hamburg International Summer Academy of Fine Arts, Pentiment, HAW Hamburg, Academy of Fine Arts Bad Reichenhall Studies e.g. with Peter Paulwitz-Matthäi, Luke Gray, Till Gerhard, Ines Hildur and Jens Hasenberg</p>
<p><strong>1982 &#8211; 83</strong><br />studied History of Fine Arts, University of Hamburg</p>
<p><strong>1980 &#8211; 81</strong><br />studied Fine Arts, School of Fine Arts, Hamburg</p>
<p>[/et_pb_text][/et_pb_column][/et_pb_row][/et_pb_section]</p>

<p>Petra Kost. Künstlerisch kompromisslos. Bereits in jungen Jahren manifestierte sich bei Petra Kost ein außergewöhnliches künstlerisches Gespür. Im Alter von zehn Jahren entstand ein Bild, das sich fundamental von den Arbeiten anderer Kinder abhob: Es besaß eine autonome Präsenz, eine geheimnisvolle Intensität und eine verblüffende Reife, die weit über kindliche Ausdrucksformen hinausging. Diese frühe Erfahrung [&hellip;]</p>
